 13
-17623
Convert 2010314 (base 5) to base 10.
31959
-15215 (base 6) to base 13
-1172
Convert -110000101111101 (base 2) to base 10.
-24957
What is 1a96 (base 15) in base 5?
141031
-2173 (base 8) to base 15
-517
Convert -2762 (base 14) to base 15.
-20d1
What is 1322312 (base 4) in base 11?
59a8
Convert -35c8 (base 16) to base 8.
-32710
Convert 126012 (base 7) to base 13.
aa13
13 (base 9) to base 2
1100
-1102001 (base 4) to base 6
-40145
What is 2311233 (base 4) in base 6?
125503
Convert a272 (base 14) to base 5.
1343212
Convert -5548 (base 12) to base 5.
-300131
What is -32652 (base 10) in base 9?
-48710
What is -110011310 (base 4) in base 8?
-240564
Convert 21bd (base 16) to base 5.
234022
Convert -1d4 (base 16) to base 15.
-213
What is 20123 (base 5) in base 4?
110020
What is 4191 (base 11) in base 13?
26a7
195 (base 11) to base 5
1400
What is 1231022 (base 5) in base 3?
1012202201
Convert 3101 (base 5) to base 7.
1112
What is -211 (base 7) in base 8?
-152
What is 3162 (base 10) in base 12?
19b6
What is -220211 (base 4) in base 9?
-3505
738 (base 11) to base 5
12023
Convert -1912 (base 10) to base 6.
-12504
Convert -11000100001111 (base 2) to base 12.
-7327
What is -57b (base 12) in base 5?
-11230
Convert 3311300 (base 4) to base 14.
5a36
Convert 2110020222 (base 3) to base 4.
23302232
What is -357 (base 12) in base 13?
-2c5
Convert -1045 (base 11) to base 15.
-620
2134422 (base 5) to base 13
13a17
Convert -120012 (base 3) to base 16.
-19a
What is 1010100011100100 (base 2) in base 16?
a8e4
Convert -1011110110111 (base 2) to base 16.
-17b7
-1210120 (base 3) to base 7
-3552
-14034 (base 10) to base 4
-3123102
What is 21111 (base 3) in base 8?
312
-66 (base 15) to base 5
-341
What is -5337 (base 9) in base 7?
-14302
-10333 (base 10) to base 13
-491b
Convert -20012 (base 4) to base 5.
-4033
-100201011 (base 3) to base 6
-52434
Convert 1100100110 (base 2) to base 12.
572
-fce (base 16) to base 9
-5485
23 (base 10) to base 7
32
Convert 240a (base 15) to base 10.
7660
What is 2595 (base 11) in base 4?
310223
-6b4 (base 15) to base 9
-2067
Convert 243424 (base 5) to base 12.
541b
What is 5834 (base 10) in base 8?
13312
What is -10100000011111 (base 2) in base 8?
-24037
144233 (base 5) to base 2
1100000110001
Convert 13231 (base 4) to base 5.
3433
What is -350 (base 10) in base 6?
-1342
-737 (base 10) to base 4
-23201
bb12 (base 13) to base 8
62671
Convert -321 (base 14) to base 6.
-2505
57bb (base 15) to base 11
12aa3
-2415 (base 7) to base 16
-37e
Convert -101010101000 (base 2) to base 7.
-10645
What is 300000 (base 4) in base 11?
2343
Convert 643 (base 13) to base 11.
892
Convert 63344 (base 8) to base 14.
9856
What is 102003301 (base 4) in base 5?
4331334
What is 56574 (base 9) in base 7?
214525
-110010101010100 (base 2) to base 7
-135425
What is 12120121 (base 3) in base 16?
fe2
Convert 380 (base 13) to base 8.
1143
What is -200212 (base 3) in base 12?
-365
What is 268a4 (base 11) in base 4?
21113032
What is -877 (base 15) in base 7?
-5401
What is 11113 (base 4) in base 2?
101010111
Convert 2271 (base 12) to base 7.
14110
What is -21030 (base 4) in base 12?
-410
Convert 1141 (base 7) to base 13.
265
1007 (base 10) to base 16
3ef
32244 (base 6) to base 9
6051
Convert 4312 (base 7) to base 9.
2077
Convert 101100001 (base 2) to base 12.
255
Convert -1111000 (base 2) to base 6.
-320
2369 (base 12) to base 5
111334
-1616a (base 12) to base 10
-31330
What is -1355 (base 6) in base 8?
-547
Convert 12736 (base 11) to base 10.
18189
Convert 1619 (base 15) to base 16.
128d
9763 (base 10) to base 11
7376
Convert -64635 (base 8) to base 6.
-325101
What is -14383 (base 9) in base 6?
-113203
Convert 17b00 (base 15) to base 13.
28bcc
Convert 1656 (base 8) to base 12.
666
-5421 (base 13) to base 16
-2da8
What is -1402 (base 6) in base 15?
-192
What is 307 (base 11) in base 5?
2440
-2552 (base 12) to base 4
-1002032
Convert bb4b (base 12) to base 8.
50253
What is -17615 (base 9) in base 4?
-2332010
-1a5 (base 12) to base 13
-179
Convert 612 (base 7) to base 12.
213
-534 (base 6) to base 11
-174
Convert 213 (base 5) to base 7.
112
Convert 101010010 (base 2) to base 6.
1322
Convert 3547 (base 9) to base 11.
1a86
Convert 21617 (base 10) to base 12.
10615
Convert 100010010010 (base 2) to base 15.
9b4
Convert 118a8 (base 15) to base 6.
1111022
What is 4464 (base 16) in base 5?
1030013
Convert -1100100101110 (base 2) to base 10.
-6446
What is -221011 (base 3) in base 16?
-2a7
What is -10032 (base 4) in base 14?
-154
7102 (base 8) to base 11
2819
What is -4221 (base 5) in base 14?
-2c1
Convert 667 (base 11) to base 13.
496
-111202202 (base 4) to base 13
-31208
-2022210001 (base 3) to base 5
-2431031
What is 24131 (base 7) in base 8?
14145
6763 (base 8) to base 10
3571
10101010101101 (base 2) to base 6
122325
Convert -2143 (base 6) to base 16.
-1ef
-2521 (base 9) to base 7
-5326
-11221 (base 7) to base 10
-2857
Convert 22b0 (base 14) to base 5.
143114
What is 515254 (base 7) in base 8?
254340
Convert 3a1a1 (base 11) to base 15.
12060
Convert -547 (base 8) to base 11.
-2a7
Convert -3165 (base 7) to base 6.
-5113
What is 5425 (base 8) in base 11?
214a
What is -1001010100000 (base 2) in base 7?
-16621
Convert 24972 (base 10) to base 16.
618c
-31122300 (base 4) to base 3
-2210101120
What is -2057 (base 12) in base 6?
-24151
Convert 190 (base 12) to base 2.
11111100
Convert 124233 (base 5) to base 3.
20210002
What is -11531 (base 7) in base 8?
-5703
Convert -37 (base 12) to base 9.
-47
Convert 82610 (base 10) to base 7.
462563
1347 (base 10) to base 15
5ec
What is -11351 (base 6) in base 12?
-b57
-1002220 (base 3) to base 6
-3423
Convert -4471 (base 14) to base 3.
-121021020
Convert -668 (base 10) to base 4.
-22130
-a865 (base 13) to base 15
-6e05
44542 (base 6) to base 2
1100001101110
-1235052 (base 6) to base 11
-46549
10122 (base 5) to base 16
296
Convert 980 (base 15) to base 9.
2843
What is 14334 (base 6) in base 4?
203302
Convert -311 (base 6) to base 7.
-223
Convert -9bda (base 15) to base 4.
-20010133
What is -353 (base 15) in base 13?
-45c
-1010110101 (base 2) to base 8
-1265
-125 (base 10) to base 9
-148
Convert 493 (base 11) to base 13.
361
-2110201 (base 3) to base 2
-11100001001
Convert -1440 (base 6) to base 5.
-3014
What is -3 (base 12) in base 14?
-3
Convert 336 (base 9) to base 7.
543
What is 11a1 (base 12) in base 10?
1993
Convert 1813 (base 9) to base 11.
1053
Convert -11200033 (base 4) to base 8.
-54017
1000221 (base 3) to base 2
1011110010
What is 4d (base 14) in base 15?
49
Convert 1021213 (base 4) to base 8.
11147
Convert -32268 (base 9) to base 4.
-11031311
What is -1000001000 (base 2) in base 12?
-374
-10327 (base 9) to base 11
-5149
What is -1010112 (base 3) in base 6?
-3452
What is -1211021 (base 3) in base 2?
-10100110010
1470 (base 12) to base 5
34023
What is -23dc (base 15) in base 16?
-1dd0
1142502 (base 6) to base 12
2aa32
Convert 4179 (base 11) to base 3.
21120212
-45 (base 16) to base 2
-1000101
301 (base 8) to base 15
cd
What is 14533 (base 8) in base 14?
2519
What is -102042 (base 5) in base 8?
-6505
-70102 (base 8) to base 4
-13001002
2206 (base 8) to base 9
1526
Convert -1673 (base 9) to base 7.
-3510
What is 1102212 (base 4) in base 15?
1876
343 (base 8) to base 12
16b
-60426 (base 8) to base 3
-1021002112
Convert -11111121 (base 3) to base 4.
-303103
4025 (base 11) to base 16
14e7
Convert -587 (base 16) to base 5.
-21130
-52b (base 16) to base 5
-20243
1553 (base 9) to base 7
3306
4141 (base 11) to base 7
22002
What is 16 (base 13) in base 4?
103
-347b (base 12) to base 11
-4443
112031 (base 4) to base 3
1221122
What is 3bab (base 12) in base 14?
272b
Convert -211412 (base 5) to base 11.
-5381
What is 339 (base 14) in base 13?
3a2
What is -1085 (base 9) in base 15?
-38b
-213 (base 11) to base 3
-100111
Convert -4772 (base 10) to base 15.
-1632
Convert a98 (base 11) to base 13.
7a4
-30d4 (base 14) to base 6
-102550
Convert -5247 (base 10) to base 16.
-147f
Convert -1990 (base 12) to base 4.
-300330
What is 1615 (base 9) in base 14?
63b
110100111110 (base 2) to base 3
11122120
b192 (base 14) to base 8
73454
Convert -18789 (base 10) to base 4.
-10211211
Convert 10101110011 (base 2) to base 13.
834
1984 (base 16) to base 13
2c86
What 